actors of 3712?
2, 29
List the prime factors of 14392.
2, 7, 257
List the prime factors of 11254.
2, 17, 331
List the prime factors of 3899.
7, 557
What are the prime factors of 7214?
2, 3607
What are the prime factors of 2466?
2, 3, 137
What are the prime factors of 10900?
2, 5, 109
List the prime factors of 3480.
2, 3, 5, 29
List the prime factors of 1016.
2, 127
What are the prime factors of 103?
103
What are the prime factors of 191?
191
What are the prime factors of 39420?
2, 3, 5, 73
What are the prime factors of 358?
2, 179
What are the prime factors of 7335?
3, 5, 163
What are the prime factors of 76140?
2, 3, 5, 47
List the prime factors of 22590.
2, 3, 5, 251
What are the prime factors of 18?
2, 3
List the prime factors of 91.
7, 13
List the prime factors of 101201.
17, 5953
What are the prime factors of 292?
2, 73
What are the prime factors of 1881?
3, 11, 19
What are the prime factors of 2762?
2, 1381
List the prime factors of 19221.
3, 43, 149
List the prime factors of 36368.
2, 2273
List the prime factors of 6645.
3, 5, 443
List the prime factors of 8667.
3, 107
What are the prime factors of 8879?
13, 683
What are the prime factors of 8546?
2, 4273
What are the prime factors of 46611?
3, 5179
List the prime factors of 35389.
43, 823
What are the prime factors of 181838?
2, 23, 59, 67
What are the prime factors of 4608?
2, 3
List the prime factors of 21550.
2, 5, 431
What are the prime factors of 44855?
5, 8971
List the prime factors of 308.
2, 7, 11
List the prime factors of 3101.
7, 443
List the prime factors of 13023.
3, 1447
What are the prime factors of 449?
449
List the prime factors of 267.
3, 89
List the prime factors of 42659.
29, 1471
List the prime factors of 6345.
3, 5, 47
What are the prime factors of 3838?
2, 19, 101
List the prime factors of 654.
2, 3, 109
List the prime factors of 796.
2, 199
List the prime factors of 266.
2, 7, 19
List the prime factors of 26102.
2, 31, 421
List the prime factors of 13940.
2, 5, 17, 41
List the prime factors of 3087.
3, 7
List the prime factors of 24788.
2, 6197
What are the prime factors of 13734?
2, 3, 7, 109
What are the prime factors of 38512?
2, 29, 83
List the prime factors of 8493.
3, 19, 149
List the prime factors of 379.
379
What are the prime factors of 1177?
11, 107
List the prime factors of 1022.
2, 7, 73
What are the prime factors of 161?
7, 23
What are the prime factors of 38610?
2, 3, 5, 11, 13
What are the prime factors of 6483?
3, 2161
List the prime factors of 704.
2, 11
What are the prime factors of 55820?
2, 5, 2791
List the prime factors of 882.
2, 3, 7
List the prime factors of 2058.
2, 3, 7
What are the prime factors of 254?
2, 127
List the prime factors of 3.
3
List the prime factors of 1953.
3, 7, 31
What are the prime factors of 109587?
3, 36529
List the prime factors of 406.
2, 7, 29
What are the prime factors of 10636?
2, 2659
List the prime factors of 16464.
2, 3, 7
List the prime factors of 5372.
2, 17, 79
List the prime factors of 1819.
17, 107
List the prime factors of 38943.
3, 4327
List the prime factors of 23547.
3, 47, 167
List the prime factors of 646.
2, 17, 19
List the prime factors of 39769.
39769
What are the prime factors of 6109?
41, 149
List the prime factors of 9772.
2, 7, 349
List the prime factors of 2639.
7, 13, 29
What are the prime factors of 96154?
2, 131, 367
List the prime factors of 6766.
2, 17, 199
List the prime factors of 33202.
2, 13, 1277
List the prime factors of 85.
5, 17
What are the prime factors of 2757?
3, 919
What are the prime factors of 29249?
11, 2659
What are the prime factors of 1175?
5, 47
List the prime factors of 2229.
3, 743
List the prime factors of 7897.
53, 149
List the prime factors of 81.
3
What are the prime factors of 836?
2, 11, 19
List the prime factors of 131503.
107, 1229
List the prime factors of 91825.
5, 3673
List the prime factors of 17281.
11, 1571
What are the prime factors of 96532?
2, 24133
What are the prime factors of 16033?
16033
What are the prime factors of 1379?
7, 197
What are the prime factors of 7582?
2, 17, 223
What are the prime factors of 167011?
13, 29, 443
What are the prime factors of 2291?
29, 79
List the prime factors of 8633.
89, 97
What are the prime factors of 5425?
5, 7, 31
What are the prime factors of 10610?
2, 5, 1061
What are the prime factors of 20702?
2, 11, 941
What are the prime factors of 2910?
2, 3, 5, 97
What are the prime factors of 1290?
2, 3, 5, 43
List the prime factors of 539.
7, 11
List the prime factors of 24064.
2, 47
List the prime factors of 4557.
3, 7, 31
What are the prime factors of 675?
3, 5
List the prime factors of 8421.
3, 7, 401
List the prime factors of 3898.
2, 1949
What are the prime factors of 2254?
2, 7, 23
List the prime factors of 17.
17
What are the prime factors of 63188?
2, 15797
What are the prime factors of 1831?
1831
What are the prime factors of 57736?
2, 7, 1031
List the prime factors of 1174.
2, 587
What are the prime factors of 38768?
2, 2423
List the prime factors of 3423.
3, 7, 163
List the prime factors of 16698.
2, 3, 11, 23
What are the prime factors of 1042?
2, 521
List the prime factors of 5986.
2, 41, 73
What are the prime factors of 13250?
2, 5, 53
List the prime factors of 1735.
5, 347
List the prime factors of 35562.
2, 3, 5927
List the prime factors of 10920.
2, 3, 5, 7, 13
List the prime factors of 4123.
7, 19, 31
List the prime factors of 186.
2, 3, 31
List the prime factors of 50645.
5, 7, 1447
List the prime factors of 229.
229
List the prime factors of 4045.
5, 809
List the prime factors of 71859.
3, 17, 1409
List the prime factors of 3525.
3, 5, 47
List the prime factors of 135635.
5, 27127
What are the prime factors of 6230?
2, 5, 7, 89
List the prime factors of 3272.
2, 409
List the prime factors of 47888.
2, 41, 73
What are the prime factors of 103819?
17, 31, 197
List the prime factors of 7936.
2, 31
What are the prime factors of 2212?
2, 7, 79
List the prime factors of 5429.
61, 89
List the prime factors of 783.
3, 29
What are the prime factors of 2347?
2347
What are the prime factors of 2837?
2837
List the prime factors of 62353.
23, 2711
What are the prime factors of 16792?
2, 2099
What are the prime factors of 610?
2, 5, 61
What are the prime factors of 596?
2, 149
What are the prime factors of 32810?
2, 5, 17, 193
What are the prime factors of 3618?
2, 3, 67
What are the prime factors of 827?
827
What are the prime factors of 4163?
23, 181
List the prime factors of 411.
3, 137
List the prime factors of 2112.
2, 3, 11
What are the prime factors of 2599?
23, 113
List the prime factors of 29646.
2, 3, 61
What are the prime factors of 3142?
2, 1571
List the prime factors of 77931.
3, 7, 1237
What are the prime factors of 555?
3, 5, 37
List the prime factors of 30311.
17, 1783
List the prime factors of 4915.
5, 983
List the prime factors of 67345.
5, 13469
List the prime factors of 34772.
2, 8693
List the prime factors of 3090.
2, 3, 5, 103
What are the prime factors of 1981?
7, 283
List the prime factors of 49421.
73, 677
List the prime factors of 103435.
5, 137, 151
What are the prime factors of 1004?
2, 251
List the prime factors of 2003.
2003
List the prime factors of 3468.
2, 3, 17
List the prime factors of 4838.
2, 41, 59
What are the prime factors of 18?
2, 3
What are the prime factors of 10083?
3, 3361
What are the prime factors of 1053?
3, 13
List the prime factors of 918.
2, 3, 17
List the prime factors of 1665.
3, 5, 37
What are the prime factors of 3051?
3, 113
List the prime factors of 56889.
3, 7, 43
List the prime factors of 390.
2, 3, 5, 13
What are the prime factors of 5946?
2, 3, 991
What are the prime factors of 898?
2, 449
What are the prime factors of 391?
17, 23
List the prime factors of 479.
479
List the prime factors of 39297.
3, 13099
List the prime factors of 668.
2, 167
What are the prime factors of 747?
3, 83
List the prime factors of 5804.
2, 1451
List the prime factors of 38697.
3, 12899
What are the prime factors of 31244?
2, 73, 107
What are the prime factors of 1115?
5, 223
List the prime factors of 8143.
17, 479
List the prime factors of 53795.
5, 7, 29, 53
List the prime factors of 47059.
47059
List the prime factors of 313.
313
List the prime factors of 45053.
